). Let x(k) = r*b(k) - 8*s(k). Is x(-2) prime?
False
Let q(a) = 7*a + 32. Let v be q(-5). Is 10368/120 + v/(-5) a composite number?
True
Is (-970 - (-1 - -2))/(51/(-357)) a composite number?
True
Suppose 3*n + 2*b + 6751 = 22538, -2*n + 3*b + 10516 = 0. Is n a prime number?
True
Let r(k) = -19*k + 14. Suppose 2*s - 3*s = 17. Is r(s) a composite number?
False
Let t(w) = -w**2 + 8*w + 2. Let q be t(8). Suppose 2*a + 16 = 5*p, -5*a = -p + q*p + 40. Let r = -2 - a. Is r prime?
False
Let r(s) be the second derivative of -s**3/6 + 7*s**2 - 2*s. Let y be r(12). Suppose -2*p = 5*v - 169, 2*v - 125 = -y*v - 5*p. Is v prime?
False
Let q(h) = -55*h**3 - 2*h**2 - 19*h - 3. Is q(-8) a composite number?
False
Let x(b) = 2*b**2 - 6*b - 1. Suppose -o - 10 = 5*i, -5*o - 23 = -0*i - 2*i. Let k be x(o). Let h = 338 - k. Is h composite?
True
Let r(b) = 27*b**2 - b + 2. Let g be r(-2). Let w = 191 + g. Is w prime?
False
Let l = -3 + 14. Let i(o) = 15*o + 26. Is i(l) a prime number?
True
Let q = 5088 - 3199. Is q a composite number?
False
Let k = -20 - -9. Let l be 2/k + 607/11. Let a = l + -9. Is a prime?
False
Let n(v) = 11*v**3 + 13*v**2 + 7*v + 10. Let y be n(7). Suppose -5*s + y = 1469. Suppose -4*a = 76 - s. Is a a composite number?
False
Let v = 10 - 7. Let p be 4/(v - (0 - -1)). Suppose 87 = l - 3*g + 12, -95 = -l - p*g. Is l prime?
False
Suppose 7*j - 12*j = -3545. Is j prime?
True
Let o = 1969 - 927. Is (0 + o/(-8))*(1 - 5) a prime number?
True
Suppose 5*j - 953 - 1327 = 0. Let m = 905 + j. Is m a prime number?
True
Is (-8)/(-36)*6*(-1193241)/(-28) composite?
False
Let v = 6 + -5. Let l(f) = 289*f + 1. Let p be l(v). Let w = 453 - p. Is w a prime number?
True
Suppose 4 - 4 = 5*a. Suppose 4*l + 12 = a, -f = 3*f + 5*l - 6677. Is f a prime number?
False
Let i be 2 + 0 - (0 - 2). Suppose -i*g + 12 + 4 = 0. Suppose 0 = -5*d - 4*b + 465, g*b = -3*d + 263 + 24. Is d a prime number?
True
Is ((-126)/9 + 13)*(-1 + -31050) composite?
False
Let n(h) = -h + 11. Let b be n(11). Suppose 2*a - 1 - 5 = b. Suppose 0 = -a*l + 219 + 1248. Is l a prime number?
False
Suppose 5 = -s + 7, s = -w + 3425. Let j = -2350 + w. Is j prime?
False
Suppose -24*h - 2 = -23*h. Is (9/(-3) - -195) + h + 1 a prime number?
True
Suppose 2*c - 2*i - 69 = -3*c, 0 = -5*c - 5*i + 90. Suppose -c = 8*j - 13*j. Suppose -j*n + 59 = -2*n. Is n a prime number?
True
Suppose 2*u - 11050 = -3*y, -2*u + 11034 = -0*u - y. Is u a prime number?
True
Let n(t) = 4*t - 15. Let a be n(-6). Let m = 60 + a. Is m a prime number?
False
Let l = -4 - -5. Let c = 3 - l. Suppose -5*v + 149 = c*r, -v - v + 6 = 0. Is r a composite number?
False
Let f = 775 - 662. Is f a prime number?
True
Let o(h) = 59*h + 7. Let l be o(3). Is 2 + l + 3 + 2 a prime number?
True
Let r be (-2984)/(-10) - (-5 + (-216)/(-40)). Let z = r - -201. Is z a composite number?
False
Let m = 34 + -10. Suppose 4 = -3*r + 2*w, -2*r + 4*w = -4*r + m. Suppose 2119 = 4*s - 3*y, -r*s + s = 5*y - 501. Is s a prime number?
False
Let s be -1 + 1 + -4 - -10. Is (872 + s/(-2))*1/1 prime?
False
Let p(d) be the third derivative of -17*d**4/12 - d**3/6 - 2*d**2 - 31*d. Let b be ((-4)/(-2))/(-4)*4. Is p(b) a composite number?
False
Let m(s) = -s**3 - 4*s**2 + 11*s - 3. Let z be m(-6). Suppose -5538 = -z*i - 3*h, 4*i + 3*h - 7379 = -0*i. Is i composite?
True
Suppose 0*s - 5*s = -75. Let z = s - 19. Is (z - -1)/(-1) + 64 composite?
False
Let v(m) = 1 - 8*m + 26*m + 11*m. Suppose -8*j = -3*j - 10. Is v(j) a composite number?
False
Let d = 690 + -247. Let n = d + -304. Is n prime?
True
Suppose 832 + 3 = k. Suppose k = 3*z - 32. Is z a prime number?
False
Suppose -x - 42 = -4*x. Let i = x - 10. Suppose 3*f - 4*p - 2 = 0, -11 - 5 = -i*p. Is f a composite number?
True
Let i = -19 - -23. Is 178/(-3)*(-6)/i a composite number?
False
Suppose -183647 + 71479 = -8*j. Is j composite?
True
Suppose -31 = -4*o - 11. Suppose 0 = -0*l - l + 5*h + 117, -3*l = o*h - 391. Is l a prime number?
True
Let u be 1 - (2 + 6/(-1)). Let w(h) = 5*h - 7*h - u - h**2 + h**3 + 0*h**2. Is w(4) a prime number?
False
Suppose 0 = 4*p - 13 - 3. Suppose -1491 = -4*v + 3*c, p*c - 359 = -v + 2*c. Let w = -160 + v. Is w prime?
False
Let g = -6 - -1. Let q be g/1 - (2 - -1). Let b = q - -417. Is b composite?
False
Suppose 4*v = 3*p + 33328, 5*v - v - 2*p = 33332. Is v composite?
True
Suppose 4*d - 12 = -6*j + 2*j, 1 = d + 3*j. Let v(l) = 76*l**2 - 4*l + 1. Is v(d) a composite number?
False
Let c = -74 + 47. Is (-4)/18 - 37617/c composite?
True
Let w = 51869 + 50292. Is w prime?
True
Is ((-6 - 0) + -6629)*-1 - 6 a prime number?
False
Suppose 44*c = 39*c + 10. Suppose 5*q - 2667 = c*q. Is q a composite number?
True
Suppose 5*b + 7*p - 97858 = 6*p, 4*b + 2*p = 78290. Is b a prime number?
True
Suppose 6*n = -3*b + 15809 - 4922, b + 5*n = 3620. Is b prime?
False
Suppose 8*a - 14*a + 3930 = 0. Suppose -p = -5*m - 478 - 209, -p - 3*m + a = 0. Is p a composite number?
True
Let g = -577 + 950. Is g a prime number?
True
Let s(v) = -2*v**2 - 3*v - 1. Let m be s(-2). Is (-16244)/(-6) + 1/m a prime number?
True
Let x(q) = -46*q. Let g be x(1). Let d be g/10 + 14/(-35). Is 3/d - (-931)/35 prime?
False
Let w(c) = -13*c**3 - 4*c**2 - 1. Let h = -47 - -43. Is w(h) a prime number?
False
Is (5/2 - 3)/((-6)/106644) a prime number?
True
Let b(w) = -w**2 - 15*w - 15. Suppose -5*l + 5*h - 80 = 0, -h + 8 = -2*l - 5*h. Is b(l) prime?
False
Let i(j) = -j**3 - j**2 + 83. Let o be i(0). Suppose 3*t + 2*t = -3*k + o, -79 = -3*k - t. Suppose -4*p = 3*g - k, p = 3*g - 0*p - 31. Is g a prime number?
False
Let k(f) = -f**2 - 12*f - 30. Let i be k(-8). Is i/(-10) + (-2502)/(-10) + 1 a composite number?
False
Let m be 1/(-4) - (-8)/32. Suppose m = -3*c + 5*c - 4. Suppose -119 = -c*u + 3*j, -171 = -3*u + 3*j - j. Is u composite?
True
Suppose 2524 - 232 = g. Suppose -3*l + g = l. Is l a prime number?
False
Is (-345220)/(-14) + (-105)/(-245) a prime number?
True
Let d = 5270 - 409. Is d composite?
False
Suppose -4*d + 14958 = r, -5*d + 5*r - 4*r = -18702. Suppose 0 = -4*p - 5*i + d, -3*p + 3*i = -1827 - 978. Let a = -450 + p. Is a a composite number?
True
Suppose -16*h + 723352 + 257816 = 0. Is h composite?
True
Let w(i) = 869*i - 45. Is w(2) a composite number?
False
Suppose 5*a = -0*a + 10. Suppose u - 2*v - 212 = 0, u + 3*u - 3*v = 868. Suppose d + c = u, d - a*c = -91 + 320. Is d a prime number?
True
Let s(l) = 1507*l + 37. Is s(4) a prime number?
False
Is 16/(48/158661) - 8 a composite number?
False
Let q = -181 + 262. Suppose -5*a = 2*n - q, -n = 1 - 4. Is a a prime number?
False
Suppose -4*x - 3*s = -471 - 200, x + 4*s - 158 = 0. Let c = 373 - x. Is c a prime number?
False
Suppose -5*k + 34 = -4*b - 31, -2*k + b + 26 = 0. Suppose 3*j = a - 8, -3*a + k = -0*a + 2*j. Suppose 0*p = -a*p + 2245. Is p a prime number?
True
Is -4 + ((-93789)/1)/(-9) prime?
False
Let h(d) = 524*d**2 + 4*d - 11. Is h(-4) composite?
True
Let l(v) = v**2 + 13*v + 19. Let p be l(-10). Let h = -16 - p. Is 2/(h + 3) + 80 prime?
True
Let a(y) = -y. Let o be a(-6). Suppose 6*j = 18*j - 72. Is (12 - j)*o/4 a prime number?
False
Let k be 8/(-20) + (-17)/(-5). Let g be k*(2 + -1) + -3. Suppose g = -5*d + 118 + 147. Is d composite?
False
Let k(z) = 7*z**2 + 17*z - 4. Let q(j) = -22*j**2 - 52*j + 12. Let r(b) = -17*k(b) - 6*q(b). Is r(7) a composite number?
True
Suppose -745 = -w + 1130. Let t = -664 + w. Is t a prime number?
False
Let y be (1559/4)/(1/4). Let k = y + -1018. Is k a prime number?
True
Suppose -2*y - 4 - 2 = 0, -3342 = -3*n - 2*y. Is n + 0 + 6/(-5 + 2) a composite number?
True
Let l be (-5)/((-100)/2612)*5. Suppose 3*y + 4*p - 1889 = 0, -l = -y + 3*p - 45. Is y a composite number?
True
Suppose 88 + 70 = 2*l - 3*z, 3*l = 3*z + 237. Suppose 88*i - l*i - 16587 = 0. Is i composite?
True
Let l(f) = -f**2 + 15*f - 17. Let z be l(14). Let a be z + (-15*2)/(-3). Suppose a*s - 6*s = 55. Is s composite?
True
Suppose -4306 = -3*a + a + 4*l, 0 = -5*a + 4*l + 10783. Is a a composite number?
True
Let a(x) = x**3 - x**2 + x - 3. Let h be a(0). Let d be 15/9 - (-7 + (-60)/(-9)). Is ((-4 - h) + d)*537 a prime number?
False
Let z(f) = -f**3 + f**2 + 2*f + 24. Let s be z(0). Let a be s/15*20/(-8). Is (673/(-3))/(a/12) a prime number?
True
Suppose -8*t = -3*t. Let x(u) = -7 - u -